{"id":17,"date":"2022-09-12T09:59:46","date_gmt":"2022-09-12T08:59:46","guid":{"rendered":"https:\/\/www.eurhodip.com\/EJTHM\/?page_id=17"},"modified":"2024-11-17T13:00:19","modified_gmt":"2024-11-17T13:00:19","slug":"articles-issues","status":"publish","type":"page","link":"https:\/\/www.eurhodip.com\/EJTHM\/articles-issues\/","title":{"rendered":"Articles &#038; Issues"},"content":{"rendered":"\n<p><\/p>\n\n\n\n<div class=\"wp-block-gutena-accordion alignwide gutena-accordion-block gutena-accordion-block-e81bd3-b0 is-layout-flow wp-block-gutena-accordion-is-layout-flow\" data-single=\"true\">\n<div class=\"wp-block-gutena-accordion-panel gutena-accordion-block__panel\">\n<div class=\"wp-block-gutena-accordion-panel-title gutena-accordion-block__panel-title\"><div class=\"gutena-accordion-block__panel-title-inner\">\n<h6 class=\"wp-block-heading alignfull has-text-align-left has-extra-large-font-size\" style=\"margin-top:0px;margin-right:0px;margin-bottom:0px;margin-left:0px;font-style:normal;font-weight:700\">2023<\/h6>\n<div class=\"trigger-up-down\"><div class=\"horizontal\"><\/div><div class=\"vertical\"><\/div><\/div><\/div><\/div>\n\n\n\n<div class=\"wp-block-gutena-accordion-panel-content gutena-accordion-block__panel-content\"><div class=\"gutena-accordion-block__panel-content-inner\">\n<p style=\"margin-top:0;margin-bottom:0\"><\/p>\n\n\n\n<div class=\"wp-block-gutena-accordion alignfull gutena-accordion-block gutena-accordion-block-982749-9d is-layout-flow wp-block-gutena-accordion-is-layout-flow\" data-single=\"true\">\n<div class=\"wp-block-gutena-accordion-panel gutena-accordion-block__panel\">\n<div class=\"wp-block-gutena-accordion-panel-title gutena-accordion-block__panel-title\"><div class=\"gutena-accordion-block__panel-title-inner\">\n<h6 class=\"wp-block-heading alignwide has-text-align-left has-large-font-size\" style=\"margin-top:0px;margin-right:0px;margin-bottom:0px;margin-left:0px\">Volume 1, Issue No. 1<\/h6>\n<div class=\"trigger-up-down\"><div class=\"horizontal\"><\/div><div class=\"vertical\"><\/div><\/div><\/div><\/div>\n\n\n\n<div class=\"wp-block-gutena-accordion-panel-content gutena-accordion-block__panel-content\"><div class=\"gutena-accordion-block__panel-content-inner\">\n<p class=\"has-text-color has-large-font-size\" style=\"color:#1a1f87\"><strong>What are the issues teachers encounter in Europe, when teaching tourism and hospitality related subjects?<\/strong><\/p>\n\n\n\n<p class=\"has-white-color has-text-color\"> .<\/p>\n\n\n\n<p class=\"has-normal-font-size\">Nafiya G\u00fcden, Farzad Safaeimanesh<\/p>\n\n\n\n<p class=\"has-small-font-size\"><em>Article: No. 1<\/em><\/p>\n\n\n\n<p class=\"has-white-color has-text-color\"> .<\/p>\n\n\n\n<div class=\"wp-block-group is-nowrap is-layout-flex wp-container-core-group-is-layout-ad2f72ca wp-block-group-is-layout-flex\">\n<figure class=\"wp-block-image size-full is-resized\"><a href=\"https:\/\/www.eurhodip.com\/EJTHM\/wp-content\/uploads\/2023\/10\/EJTHM-2023-1.1-1.pdf\" target=\"_blank\" rel=\"noreferrer noopener\"><img loading=\"lazy\" decoding=\"async\" width=\"512\" height=\"512\" src=\"https:\/\/www.eurhodip.com\/EJTHM\/wp-content\/uploads\/2023\/10\/pdf_136522-1.png\" alt=\"\" class=\"wp-image-189\" style=\"aspect-ratio:1;width:41px;height:auto\" srcset=\"https:\/\/www.eurhodip.com\/EJTHM\/wp-content\/uploads\/2023\/10\/pdf_136522-1.png 512w, https:\/\/www.eurhodip.com\/EJTHM\/wp-content\/uploads\/2023\/10\/pdf_136522-1-300x300.png 300w, https:\/\/www.eurhodip.com\/EJTHM\/wp-content\/uploads\/2023\/10\/pdf_136522-1-150x150.png 150w\" sizes=\"auto, (max-width: 512px) 100vw, 512px\" \/><\/a><\/figure>\n\n\n\n<p class=\"has-normal-font-size\"><a href=\"https:\/\/www.eurhodip.com\/EJTHM\/wp-content\/uploads\/2023\/10\/EJTHM-2023-1.1-1.pdf\" data-type=\"link\" data-id=\"https:\/\/www.eurhodip.com\/EJTHM\/wp-content\/uploads\/2023\/10\/EJTHM-2023-1.1-1.pdf\" target=\"_blank\" rel=\"noreferrer noopener\">View PDF<\/a><\/p>\n<\/div>\n\n\n\n<div style=\"height:50px\" aria-hidden=\"true\" class=\"wp-block-spacer\"><\/div>\n\n\n\n<hr class=\"wp-block-separator has-text-color has-alpha-channel-opacity has-background is-style-twentytwentyone-separator-thick\" style=\"background-color:#1d423f;color:#1d423f\"\/>\n\n\n\n<div style=\"height:40px\" aria-hidden=\"true\" class=\"wp-block-spacer\"><\/div>\n\n\n\n<p class=\"has-text-color has-large-font-size\" style=\"color:#1a1f87\"><strong>Territorial brand and relationships with sustainability: hybrid reviews and research agenda<\/strong><\/p>\n\n\n\n<p class=\"has-white-color has-text-color\"> .<\/p>\n\n\n\n<p class=\"has-normal-font-size\">Giovana Goretti Feij\u00f3 de Almeida, Paulo Almeida<\/p>\n\n\n\n<p class=\"has-small-font-size\"><em>Article: No. <\/em>2<\/p>\n\n\n\n<p class=\"has-white-color has-text-color\"> .<\/p>\n\n\n\n<div class=\"wp-block-group is-nowrap is-layout-flex wp-container-core-group-is-layout-ad2f72ca wp-block-group-is-layout-flex\">\n<figure class=\"wp-block-image size-full is-resized\"><a href=\"https:\/\/www.eurhodip.com\/EJTHM\/wp-content\/uploads\/2023\/10\/EJTHM-2023-1.1-2.pdf\" target=\"_blank\" rel=\"noreferrer noopener\"><img loading=\"lazy\" decoding=\"async\" width=\"512\" height=\"512\" src=\"https:\/\/www.eurhodip.com\/EJTHM\/wp-content\/uploads\/2023\/10\/pdf_136522-1.png\" alt=\"\" class=\"wp-image-189\" style=\"aspect-ratio:1;width:41px;height:auto\" srcset=\"https:\/\/www.eurhodip.com\/EJTHM\/wp-content\/uploads\/2023\/10\/pdf_136522-1.png 512w, https:\/\/www.eurhodip.com\/EJTHM\/wp-content\/uploads\/2023\/10\/pdf_136522-1-300x300.png 300w, https:\/\/www.eurhodip.com\/EJTHM\/wp-content\/uploads\/2023\/10\/pdf_136522-1-150x150.png 150w\" sizes=\"auto, (max-width: 512px) 100vw, 512px\" \/><\/a><\/figure>\n\n\n\n<p class=\"has-normal-font-size\"><a href=\"https:\/\/www.eurhodip.com\/EJTHM\/wp-content\/uploads\/2023\/11\/EJTHM-2023-1.1-2.pdf\" data-type=\"link\" data-id=\"https:\/\/www.eurhodip.com\/EJTHM\/wp-content\/uploads\/2023\/11\/EJTHM-2023-1.1-2.pdf\" target=\"_blank\" rel=\"noreferrer noopener\">View PDF<\/a><\/p>\n<\/div>\n\n\n\n<div style=\"height:50px\" aria-hidden=\"true\" class=\"wp-block-spacer\"><\/div>\n\n\n\n<hr class=\"wp-block-separator has-text-color has-alpha-channel-opacity has-background is-style-twentytwentyone-separator-thick\" style=\"background-color:#1d423f;color:#1d423f\"\/>\n\n\n\n<div style=\"height:40px\" aria-hidden=\"true\" class=\"wp-block-spacer\"><\/div>\n\n\n\n<p class=\"has-text-color has-large-font-size\" style=\"color:#1a1f87\"><strong>Residents\u2019 quality of life and attitudes toward sustainable education tourism development: insights from North Cyprus<\/strong><\/p>\n\n\n\n<p class=\"has-white-color has-text-color\"> .<\/p>\n\n\n\n<p class=\"has-normal-font-size\">Zeynep Sar\u0131g\u00fcl, Ali \u00d6zt\u00fcren<\/p>\n\n\n\n<p class=\"has-small-font-size\"><em>Article: No. <\/em>3<\/p>\n\n\n\n<p class=\"has-white-color has-text-color\"> .<\/p>\n\n\n\n<div class=\"wp-block-group is-nowrap is-layout-flex wp-container-core-group-is-layout-ad2f72ca wp-block-group-is-layout-flex\">\n<figure class=\"wp-block-image size-full is-resized\"><a href=\"https:\/\/www.eurhodip.com\/EJTHM\/wp-content\/uploads\/2023\/11\/EJTHM-2023-1.1-3.pdf\" target=\"_blank\" rel=\"noreferrer noopener\"><img loading=\"lazy\" decoding=\"async\" width=\"512\" height=\"512\" src=\"https:\/\/www.eurhodip.com\/EJTHM\/wp-content\/uploads\/2023\/10\/pdf_136522-1.png\" alt=\"\" class=\"wp-image-189\" style=\"aspect-ratio:1;width:41px;height:auto\" srcset=\"https:\/\/www.eurhodip.com\/EJTHM\/wp-content\/uploads\/2023\/10\/pdf_136522-1.png 512w, https:\/\/www.eurhodip.com\/EJTHM\/wp-content\/uploads\/2023\/10\/pdf_136522-1-300x300.png 300w, https:\/\/www.eurhodip.com\/EJTHM\/wp-content\/uploads\/2023\/10\/pdf_136522-1-150x150.png 150w\" sizes=\"auto, (max-width: 512px) 100vw, 512px\" \/><\/a><\/figure>\n\n\n\n<p class=\"has-normal-font-size\"><a href=\"https:\/\/www.eurhodip.com\/EJTHM\/wp-content\/uploads\/2023\/11\/EJTHM-2023-1.1-3.pdf\" data-type=\"link\" data-id=\"https:\/\/www.eurhodip.com\/EJTHM\/wp-content\/uploads\/2023\/11\/EJTHM-2023-1.1-3.pdf\" target=\"_blank\" rel=\"noreferrer noopener\">View PDF<\/a><\/p>\n<\/div>\n\n\n\n<hr class=\"wp-block-separator has-text-color has-alpha-channel-opacity has-background is-style-twentytwentyone-separator-thick\" style=\"background-color:#1d423f;color:#1d423f\"\/>\n\n\n\n<div style=\"height:40px\" aria-hidden=\"true\" class=\"wp-block-spacer\"><\/div>\n\n\n\n<p class=\"has-text-color has-large-font-size\" style=\"color:#1a1f87\"><strong>Assessment of the food safety and hygiene practices of food handlers in Nicosia, North Cyprus<\/strong><\/p>\n\n\n\n<p class=\"has-white-color has-text-color has-link-color wp-elements-7265324497ba3d196c71d6759a118fe9\"> .<\/p>\n\n\n\n<p class=\"has-normal-font-size\">\u015eevket Direkt\u00f6r<\/p>\n\n\n\n<p class=\"has-small-font-size\"><em>Article: No. <\/em>4<\/p>\n\n\n\n<p class=\"has-white-color has-text-color has-link-color wp-elements-7265324497ba3d196c71d6759a118fe9\"> .<\/p>\n\n\n\n<div class=\"wp-block-group is-nowrap is-layout-flex wp-container-core-group-is-layout-ad2f72ca wp-block-group-is-layout-flex\">\n<figure class=\"wp-block-image size-full is-resized\"><a href=\"https:\/\/www.eurhodip.com\/EJTHM\/wp-content\/uploads\/2023\/11\/EJTHM-2023-1.1-4.pdf\" target=\"_blank\" rel=\"noreferrer noopener\"><img loading=\"lazy\" decoding=\"async\" width=\"512\" height=\"512\" src=\"https:\/\/www.eurhodip.com\/EJTHM\/wp-content\/uploads\/2023\/10\/pdf_136522-1.png\" alt=\"\" class=\"wp-image-189\" style=\"aspect-ratio:1;width:41px;height:auto\" srcset=\"https:\/\/www.eurhodip.com\/EJTHM\/wp-content\/uploads\/2023\/10\/pdf_136522-1.png 512w, https:\/\/www.eurhodip.com\/EJTHM\/wp-content\/uploads\/2023\/10\/pdf_136522-1-300x300.png 300w, https:\/\/www.eurhodip.com\/EJTHM\/wp-content\/uploads\/2023\/10\/pdf_136522-1-150x150.png 150w\" sizes=\"auto, (max-width: 512px) 100vw, 512px\" \/><\/a><\/figure>\n\n\n\n<p class=\"has-normal-font-size\"><a href=\"https:\/\/www.eurhodip.com\/EJTHM\/wp-content\/uploads\/2023\/11\/EJTHM-2023-1.1-4.pdf\" data-type=\"link\" data-id=\"https:\/\/www.eurhodip.com\/EJTHM\/wp-content\/uploads\/2023\/11\/EJTHM-2023-1.1-4.pdf\" target=\"_blank\" rel=\"noreferrer noopener\">View PDF<\/a><\/p>\n<\/div>\n<\/div><\/div>\n<\/div>\n\n\n\n<div class=\"wp-block-gutena-accordion-panel gutena-accordion-block__panel\">\n<div class=\"wp-block-gutena-accordion-panel-title gutena-accordion-block__panel-title\"><div class=\"gutena-accordion-block__panel-title-inner\">\n<h6 class=\"wp-block-heading has-text-align-left has-large-font-size\" style=\"margin-top:0px;margin-right:0px;margin-bottom:0px;margin-left:0px\">Volume 1, Issue No. 2<\/h6>\n<div class=\"trigger-up-down\"><div class=\"horizontal\"><\/div><div class=\"vertical\"><\/div><\/div><\/div><\/div>\n\n\n\n<div class=\"wp-block-gutena-accordion-panel-content gutena-accordion-block__panel-content\"><div class=\"gutena-accordion-block__panel-content-inner\">\n<p style=\"margin-top:0;margin-bottom:0\">Coming soon<\/p>\n<\/div><\/div>\n<\/div>\n<\/div>\n<\/div><\/div>\n<\/div>\n\n\n\n<div class=\"wp-block-gutena-accordion-panel gutena-accordion-block__panel\">\n<div class=\"wp-block-gutena-accordion-panel-title gutena-accordion-block__panel-title\"><div class=\"gutena-accordion-block__panel-title-inner\">\n<h6 class=\"wp-block-heading has-text-align-left has-extra-large-font-size\" style=\"margin-top:0px;margin-right:0px;margin-bottom:0px;margin-left:0px\"><strong>2024<\/strong><\/h6>\n<div class=\"trigger-up-down\"><div class=\"horizontal\"><\/div><div class=\"vertical\"><\/div><\/div><\/div><\/div>\n\n\n\n<div class=\"wp-block-gutena-accordion-panel-content gutena-accordion-block__panel-content\"><div class=\"gutena-accordion-block__panel-content-inner\">\n<p style=\"margin-top:0;margin-bottom:0\">Soon<\/p>\n<\/div><\/div>\n<\/div>\n<\/div>\n","protected":false},"excerpt":{"rendered":"","protected":false},"author":1,"featured_media":0,"parent":0,"menu_order":0,"comment_status":"closed","ping_status":"closed","template":"","meta":{"footnotes":""},"class_list":["post-17","page","type-page","status-publish","hentry","entry"],"_links":{"self":[{"href":"https:\/\/www.eurhodip.com\/EJTHM\/wp-json\/wp\/v2\/pages\/17","targetHints":{"allow":["GET"]}}],"collection":[{"href":"https:\/\/www.eurhodip.com\/EJTHM\/wp-json\/wp\/v2\/pages"}],"about":[{"href":"https:\/\/www.eurhodip.com\/EJTHM\/wp-json\/wp\/v2\/types\/page"}],"author":[{"embeddable":true,"href":"https:\/\/www.eurhodip.com\/EJTHM\/wp-json\/wp\/v2\/users\/1"}],"replies":[{"embeddable":true,"href":"https:\/\/www.eurhodip.com\/EJTHM\/wp-json\/wp\/v2\/comments?post=17"}],"version-history":[{"count":48,"href":"https:\/\/www.eurhodip.com\/EJTHM\/wp-json\/wp\/v2\/pages\/17\/revisions"}],"predecessor-version":[{"id":251,"href":"https:\/\/www.eurhodip.com\/EJTHM\/wp-json\/wp\/v2\/pages\/17\/revisions\/251"}],"wp:attachment":[{"href":"https:\/\/www.eurhodip.com\/EJTHM\/wp-json\/wp\/v2\/media?parent=17"}],"curies":[{"name":"wp","href":"https:\/\/api.w.org\/{rel}","templated":true}]}}